 2*a**2 - 2*a - 3. What is the remainder when f(-2) is divided by 5?
4
Let m(u) = -u**2 - 16*u. What is the remainder when 41 is divided by m(-15)?
11
Let v be 53/(-2)*(1 + -5). Suppose -5*d - 74 = v. Let s = -24 - d. What is the remainder when 34 is divided by s?
10
Suppose -7 - 3 = 2*l, -4*x + l = -17. What is the remainder when 12/(-9)*(1 + -7) is divided by x?
2
Calculate the remainder when 3 + 456/4 - -2 is divided by 24.
23
Suppose -3*c - 3 + 27 = 0. What is the remainder when 15 is divided by c?
7
Suppose -591 + 125 = 4*u + 2*l, 0 = -l + 1. What is the remainder when 32 is divided by 2/7 + u/(-7)?
15
What is the remainder when ((-2)/(-6))/((-10)/(-750)) is divided by 9?
7
Suppose -61 = -3*l - 3*d + 8, -3*l = d - 71. Calculate the remainder when l is divided by 10.
4
Suppose -4*y = -6*y + 6. Suppose -5*a + u + u = -17, u - 11 = -4*a. Calculate the remainder when a is divided by y.
0
Suppose 2*g - 109 = -3*g - 2*r, g + 5*r = 31. What is the remainder when 82 is divided by g?
19
Let j(p) = -7*p**2 + 6*p - 4. Let f be j(4). Suppose 159 - 423 = -6*t. What is the remainder when t is divided by ((-1)/(-2))/((-2)/f)?
21
Suppose -7*h = -5*h - 4. Calculate the remainder when 4 is divided by h.
0
Suppose 5*x - 18 = -3. Suppose -3*f = -9 - 6. What is the remainder when f is divided by x?
2
Suppose 4*y - 18 = y. Calculate the remainder when y is divided by 4.
2
Suppose -3*h = -3*u - 345, 0 = 3*h - 7*u + 8*u - 353. Calculate the remainder when h is divided by 20.
17
Suppose -9*i + 7 = -8*i. Suppose -i = -r - 4. What is the remainder when 5 is divided by r?
2
Let b be 10/(-3)*(-30)/25. Suppose 204 = -2*v + b*v. Suppose 4*n - 206 - v = 0. Calculate the remainder when n is divided by 26.
25
What is the remainder when 1*39 - (9 + -9) is divided by 22?
17
Let m(l) = l**3 - l**2 - 7*l - 2. Calculate the remainder when m(4) is divided by 7.
4
Let m(r) = -6*r**3 - 2*r**2 + 2*r + 2. What is the remainder when m(-2) is divided by 11?
5
Suppose 37 = 3*f + 10. Let m = -6 + 41. What is the remainder when m is divided by f?
8
Suppose -7209 = -8*r - 19*r. What is the remainder when r is divided by 30?
27
Suppose 10*l - 65 = 5*l. Suppose 0 = 5*h + 14 - 139. What is the remainder when h is divided by l?
12
Suppose 3*y + y - 24 = 0. Let c(u) = u**3 + 5*u**2 - 3*u + 1. What is the remainder when c(-5) is divided by y?
4
Let g = 14 - 22. Let f = g + 12. Calculate the remainder when f is divided by 2.
0
Suppose 5*b - 272 = -97. What is the remainder when b is divided by 18?
17
Suppose -2*r = -214 + 84. What is the remainder when r is divided by 17?
14
Let o = 10 - 6. Suppose 4*f + o = 6*f. Suppose f*g - 58 = -0*g. What is the remainder when g is divided by 10?
9
Suppose b = -3*b - 8. Let n be (b/(-4))/(7/854). Suppose 5*o - n = 24. Calculate the remainder when o is divided by 9.
8
Let v be 29/9 + 4/(-18). Suppose 0 = 6*k - k. Let x = v - k. Calculate the remainder when x is divided by 2.
1
What is the remainder when 144 - (4 + (4 - 5)) is divided by 24?
21
Let m = 13 + 3. Let p be 1/((-1)/(-2)) + 8. Suppose w = 5*i - 11, -5*w + 67 - p = 3*i. What is the remainder when m is divided by w?
7
Let v = -1 + 5. Suppose 0 = -3*a + v*a - 13. Suppose 4*z - 15 = z. What is the remainder when a is divided by z?
3
Suppose 0 = 4*d - 2*d + 18. Let z(a) = a**3 + 8*a**2 - 9*a + 7. Calculate the remainder when 11 is divided by z(d).
4
Suppose -50 = 5*u - 180. Calculate the remainder when 102 is divided by u.
24
Suppose 5*f - 23 = 2. Let l = 3 + f. Calculate the remainder when 14 is divided by l.
6
Let d(m) = m**2 + 4*m - 2. Suppose -110 = -6*b - 5*b. What is the remainder when b is divided by d(-5)?
1
Let i(s) = -s**2 + 5*s + 4. Suppose -6*l = -l - d - 24, -3*l + 4 = 2*d. Calculate the remainder when i(l) is divided by 3.
2
Calculate the remainder when (-200)/12*(-2 - 1) is divided by (-34)/4*(-4 + 2).
16
Suppose -4*r = -1 - 35. What is the remainder when 61 is divided by r?
7
Let d(y) = y**3 - y**2 + 4*y - 7. What is the remainder when d(4) is divided by 31?
26
Let q(o) = o**2 + 7. Calculate the remainder when 158 is divided by q(5).
30
What is the remainder when 101 is divided by 1*(1 + -4)*170/(-30)?
16
Suppose -18 + 7 = n. What is the remainder when 14 is divided by 2/n + 285/55?
4
Let q(i) = -60*i + 3. Let a(d) = -d**2 + 10*d - 2. Calculate the remainder when q(-1) is divided by a(6).
19
Suppose 0 = u + 2*u + 3. Let w be 27 - (1 - (u - -2)). Suppose 0 = 5*t - 2*n - 56, -3*t - 3*n + 2*n + w = 0. What is the remainder when t is divided by 6?
4
Suppose -6*w + 8*w - 8 = 0. Suppose -w = 2*t - 18. What is the remainder when 24 is divided by t?
3
Suppose -5*j = -5*w - 125, 0 = -5*j - 7*w + 4*w + 117. Calculate the remainder when 69 is divided by j.
21
Calculate the remainder when 49 is divided by 12/((-12)/(-4)) - -9.
10
Let d(b) = -b**2 - 6*b - 2. Let c be d(-5). Suppose -c*y = n - 63, 2*y - 33 = -5*n + 9. What is the remainder when 39 is divided by y?
18
Suppose 0 = u - g - 9 - 2, -3*g = -15. What is the remainder when 45 is divided by u?
13
Suppose -2 = -2*g + 4. Suppose 3*i + n - 3*n = 7, -g*i - 1 = -4*n. Calculate the remainder when 13 is divided by i.
3
Suppose 3*r = 4*m - 31 - 64, -4*r = m. What is the remainder when 76 is divided by m?
16
Suppose -6*y = -y - 470. What is the remainder when y is divided by 24?
22
Let m(t) = -t**2 - 9*t - 2. What is the remainder when m(-5) is divided by 1?
0
Let y = -25 - -29. What is the remainder when 9 is divided by y?
1
Let p = 15 - 15. Suppose o = -p*o + 12. Let t = 15 + 31. What is the remainder when t is divided by o?
10
Let c be (-5)/((-10)/33)*2. Let z = c - 16. Let h = -41 - -74. Calculate the remainder when h is divided by z.
16
Suppose -25*n + 9*n = -160. What is the remainder when 38 is divided by n?
8
Let c = 13 - 5. Let x(b) = b + 1. Calculate the remainder when (1/(-1))/((-2)/70) is divided by x(c).
8
Let q be (-1)/(2 - 10/4). Calculate the remainder when 11 is divided by 1/q + 28/8.
3
Suppose 3*y + 15 + 5 = -x, 4*x + 5*y = -45. Calculate the remainder when 2 is divided by (3/x)/3*-5.
0
Let y = 8 + -1. What is the remainder when y is divided by 2?
1
Let g(t) = t**2 + 5*t + 4. Calculate the remainder when g(-10) is divided by 14.
12
Let i be (-2)/(-3) - 70/(-3). Suppose -6 = -3*n + f, 0 = -3*n + 6*n + 5*f - i. Calculate the remainder when 4 is divided by n.
1
Let d be (-2 + -2)/(1/(-2)). Suppose 0*v = -v + d. What is the remainder when 13 is divided by v?
5
Let o(p) = p**2 + p + 40. Let v be (1/2 + -1)*0. Let q be o(v). Calculate the remainder when 17 is divided by 6/(-9) + q/6.
5
Suppose -4*t = -7 + 3. Let u = t + 4. Suppose 0 = k - 0*k - 4*v - u, -4*v - 41 = -5*k. What is the remainder when 16 is divided by k?
7
Let p = 114 + -65. Let q = -33 + p. Suppose 5*j - 385 = 4*w - 88, 2*w = 3*j - 179. Calculate the remainder when j is divided by q.
13
Suppose 0 = -9*m + m + 24. Calculate the remainder when 4 is divided by m.
1
Let b(m) = -13*m - 2. Calculate the remainder when 42 is divided by b(-1).
9
Suppose -3*b + 79 = 28. Calculate the remainder when 30 is divided by b.
13
Let j(m) = m**2 + 3*m - 1. Let t be 3/((-4)/((-16)/(-3))). Let i be j(t). Suppose i*f - 73 = -5*d, 2 + 0 = 2*f. What is the remainder when 27 is divided by d?
13
Suppose -2*d = d - 120. Calculate the remainder when d is divided by 100/5 + (1 - 0).
19
Let t be 22/8 - 2/(-8). Let m = t + -3. Suppose -i + m = -15. Calculate the remainder when 28 is divided by i.
13
Let w(v) = -v - 12. What is the remainder when 10 is divided by w(-18)?
4
Let r = 11 - -12. Let b = 4 + 8. Calculate the remainder when r is divided by b.
11
Let h(t) be the first derivative of 2*t**3/3 - 3*t**2/2 + 2*t + 1. What is the remainder when h(5) is divided by 13?
11
Let v = -7 - -9. Let l be (-2)/(-4) - (-110)/20. Suppose -v*g - l + 20 = 0. Calculate the remainder when 27 is divided by g.
6
Let x(r) = r - 4. Let c be x(6). Let j be 1*1*-3 + c. Calculate the remainder when 12 is divided by (21/6)/(j/(-2)).
5
Let m = 10 + -12. Let i(o) = -o**3 - o**2 - 3*o - 1. Suppose -4*y - 24 = -3*l - 129, 3*l + 57 = 2*y. What is the remainder when y is divided by i(m)?
6
Suppose 0 = -3*n - 3*j + j + 83, -4*j = -4*n + 144. Calculate the remainder when 184 is divided by n.
29
Suppose -r + 41 = -5. Let l be (-4)/